/r. What is the tens digit of a/3 - (-436)/12?
3
Suppose -4*i - 3*o + 64 = 18, 2*o - 35 = -3*i. Let f(p) = 6*p**3 - i*p**2 + 2 - 2*p + 15*p**2 - 3*p**2. What is the units digit of f(2)?
2
Suppose 3*b + m = 5*b - 10174, 0 = -3*b + 3*m + 15267. What is the units digit of b?
5
Suppose -v - 5*s + 102 = -2*s, -2*s = 3*v - 278. Suppose -4*r = 4*j - 200 + 40, -j + r = -32. What is the tens digit of (-242)/(-5) - j/v?
4
Let a = 66 - 66. Suppose -4*z = 5*l - 90, 4*z - 3*z = 2*l - 23. Suppose 0 = -m - a*m + l. What is the units digit of m?
4
Let h = 9548 - 4876. What is the units digit of h?
2
Let p = 92 - -21. Let t = p - 11. What is the hundreds digit of t?
1
Let z(d) = -75*d - 221. What is the tens digit of z(-23)?
0
Suppose 0 = 2*a + 4, 5*a - 5 = -7*f + 2*f. Suppose -f*i = -4*i. Suppose z + 2*z - 3 = i. What is the units digit of z?
1
Suppose 37*w - 14689 + 2035 = 0. What is the units digit of w?
2
Let p = -6 - -9. Let g = 3 + p. What is the units digit of (3/g)/(2/116)?
9
Let z(f) = -3*f**2 + f**3 - 7*f + 50 - 28 - 29. What is the tens digit of z(6)?
5
Let b(p) be the first derivative of p**2/2 + 9*p + 5. Let t = -10 + 21. What is the units digit of b(t)?
0
Suppose 0 = -w - 4*w - 3*i + 12, -12 = 5*w - 3*i. Suppose -2*b - 5*v - 48 = w, -2*b + 5*v = -10 + 38. Let z = -10 - b. What is the units digit of z?
9
Let y = 57 - 32. Let l(a) = 2*a**2 + 4*a + 61. Let f be l(-5). Suppose -y = -2*u + f. What is the units digit of u?
8
Let f(u) = -7*u**3 + u**2 + 2*u + 1. Let m be f(-1). Suppose -13 = -4*k + 4*g + m, -2*g + 26 = 4*k. What is the units digit of k?
6
Let c be 2/(-8) + (-157)/(-4). Suppose 3*t = 39 + c. What is the tens digit of t?
2
Let t(p) = 8*p**2 + 3*p**3 - p**3 - 3*p**3 + 7*p + 2*p**3. Let b be t(-7). Suppose -c = 4*m - 30 - 11, -4*m - 4 = b. What is the units digit of c?
5
Let j(u) = -u**3 + 11*u**2 - 9*u - 12. Let y be (-8)/(-2) + -1 + 6. What is the units digit of j(y)?
9
What is the units digit of 485/4*7/((-56)/(-32))?
5
Let t = 1 - 2. Let b = 3 - t. Let h(v) = v**3 - 3*v**2 - 2*v + 4. What is the units digit of h(b)?
2
Let a(o) = -2*o - 6. Let y(i) = i + 3. Let q(v) = 3*a(v) + 5*y(v). Let w be q(-12). Suppose 5*t - 6*t = -w. What is the units digit of t?
9
Let b = -1493 - -2306. What is the tens digit of b?
1
Suppose -3*f - 2 = -5. Let g(w) be the third derivative of 11*w**5/15 - w**4/24 + w**3/6 - 2*w**2. What is the units digit of g(f)?
4
Let h(j) = -322*j + 45. What is the tens digit of h(-3)?
1
Let v(l) = -l**2 - 11*l - 12. Suppose 15*s - 20*s = 25. What is the units digit of v(s)?
8
Let z = 1191 - 564. What is the units digit of z?
7
Let f = 385 + -208. What is the units digit of f?
7
Suppose -134*d + 71853 = -91*d. What is the hundreds digit of d?
6
Suppose -7*l + 285 = -2*l - n, -4*l + 222 = -2*n. Suppose -3*g - f + 34 = 0, -5*g - 3*f = 8 - l. What is the tens digit of g?
1
Suppose -4*a - 2*w + 23 = -3*w, 3*w - 8 = a. Suppose -2*n + 5 = -a. Suppose 0 = -n*c - c + 203. What is the tens digit of c?
2
Suppose -2*c - 2*c = 0. Suppose 3*i - 7*i + 4 = c. What is the units digit of (-121)/(-4) - i/4?
0
Suppose 16*p - 12*p - 1224 = -3*n, -5*n - 20 = 0. What is the units digit of p?
9
Let m = 1272 - -2716. What is the units digit of m?
8
Let s(m) = 16*m**2 - 7*m - 14. Let r = 85 - 87. What is the units digit of s(r)?
4
Let x = -96 + 101. What is the tens digit of x + (2 - (-3 - 202))?
1
Let u(l) = -15*l**3 + 37*l**2 - 29*l + 37. Let q(f) = -7*f**3 + 18*f**2 - 14*f + 18. Let p(b) = 13*q(b) - 6*u(b). What is the tens digit of p(11)?
4
Suppose -2*g + 6 = 2. Let r(q) = -1 + 0*q - g*q + q + 0*q. What is the units digit of r(-5)?
4
Let z(a) = -2*a. Let s be z(-1). Let x = -2 + 27. Suppose y - x = s. What is the units digit of y?
7
What is the tens digit of 104/3*(-5)/((-20)/51)?
4
Let a(x) = -x**3 + 7*x**2 - 7*x + 3. Suppose -5*f = -2*f - 18. Let k be a(f). What is the units digit of (-4 - k)*(-17 - -2)?
5
Let v(m) = 12*m + 450. What is the units digit of v(-31)?
8
Suppose 255 = 6*p + 39. Let x be (-276)/p + (-1)/3. Let a(r) = -5*r + 20. What is the units digit of a(x)?
0
Let l(m) = 17*m**2 + m. Let d be l(-6). Let w = d - 1075. What is the tens digit of 4/(-10) - w/35?
1
Let r(z) = z**2 + 18*z - 70. What is the tens digit of r(17)?
2
Suppose -15*j + 12*j = 12. What is the units digit of (-5180)/(-63) + j/18?
2
Let t(h) = -h - 22. Let v be t(-16). What is the units digit of (-1*(13 + 1))/(v/33)?
7
Let k = -8 - -15. Let x = k - -87. Let f = -55 + x. What is the tens digit of f?
3
Let h(u) = 75*u + 566. What is the thousands digit of h(42)?
3
Suppose 3*y - 16268 = -5*s, 119*s + 2*y = 122*s - 9776. What is the thousands digit of s?
3
Let u = -114 - -122. Suppose 0*b + u*b = 112. What is the units digit of b?
4
Let c = -3 + 10. Suppose 4*h - c*h + 456 = 0. What is the tens digit of h?
5
Let p be 61*1 - (-1 - 0). Let j be -36 + (3 - 3)/(-1). Let l = p + j. What is the tens digit of l?
2
Suppose 0 = 4*r - 3*z + 16, 2*r = 5*r + 2*z - 5. Let x = 64 - 128. What is the tens digit of x/(-48)*(-12)/r?
1
Suppose 2*d + 7*d = 12906. What is the tens digit of d?
3
Let m(i) = 4*i - i - 9*i + 12 - i. What is the units digit of m(-8)?
8
Let o(v) = 35*v - 881. What is the units digit of o(29)?
4
Let o(r) be the third derivative of r**5/60 + r**4/3 + 5*r**3/3 + r**2. Suppose 0 = 5*d + 1413 - 1373. What is the tens digit of o(d)?
1
Suppose -8 = -3*d + 34. Suppose o + 5*c + 1 = 0, 4*o + 3*c - d = 16. What is the units digit of (18/27)/(6/o)?
1
Let z(s) be the third derivative of 7*s**4/24 + 5*s**3/6 - s**2 + 6. Suppose 5*i - 5*t = 10, 2*t - 10 = -3*i + 3*t. What is the tens digit of z(i)?
3
Suppose -2*m + 3 = -1. Let k(h) = -h - m*h**2 + 7*h**2 + h**3 - 4*h + 0*h**2. What is the units digit of k(-4)?
6
Suppose -20632 = -22*z - 1690. What is the tens digit of z?
6
What is the tens digit of 5912/14 + -5 + 231/49?
2
Let k(d) = 41*d + 1. Suppose 0*j - 2*b - 5 = -3*j, -b = -3*j + 4. What is the tens digit of k(j)?
4
Let c = 636 - 254. What is the tens digit of c?
8
Suppose 9*y - 5*f = 5*y - 72, y = -5*f - 18. Suppose 4*q - 80 = -0*q. Let g = q - y. What is the units digit of g?
8
Let g = 475 + 420. What is the units digit of g?
5
Suppose 4*h - 3*w + 0 = -45, 3*h = 2*w - 33. Let a = h - -27. What is the tens digit of a?
1
Let l(m) = -523*m - 266. What is the tens digit of l(-6)?
7
Let w(q) = q**3 - 9*q**2 + 12*q - 7. Let d be w(8). Suppose o - 163 = -d. What is the units digit of o?
8
Let s be -1*(3 - 12/4). Suppose 5*p + 2*x - 6 = s, -3*p - 6 = 2*p - 2*x. Suppose k - 16 + 5 = p. What is the tens digit of k?
1
Let h = 37 - 35. Suppose -111 = -3*d - 5*k, -37 = d - h*d + 5*k. What is the tens digit of d?
3
Let v be (0 - (-86)/(-10)) + (-2)/5. Let p(f) = -19*f - 1. Let r be p(-1). Let c = r + v. What is the units digit of c?
9
Let j(h) = -h + 4*h**3 - h - 3*h**3 + 1 + 4. What is the units digit of j(4)?
1
Let b(z) = 3*z**2 - 19*z - 347. What is the tens digit of b(31)?
4
Let z be (-11)/22 + 2/4. Suppose 4*d + 5*j = 5, -j - 4 + 1 = z. What is the units digit of (18/15)/(d/25)?
6
Let u be 4/6*18/4. Suppose 0 = -u*t + t + 54. What is the units digit of (t/2)/(5/10)?
7
Let l = 17 + -45. Let i = l + 39. What is the tens digit of i?
1
Let v = -75 + 157. Let n be v/(-8) - 3/(-12). Let c = n - -41. What is the tens digit of c?
3
Let t(o) = 2*o + 10 + 10 - 5. Let x = 2 - 2. What is the tens digit of t(x)?
1
Suppose 28*v - 1319 = 12877. What is the units digit of v?
7
Let m(t) = 701*t + 16. What is the tens digit of m(1)?
1
Let c(l) = -19*l**3 + 23*l**2 - 24*l + 29. Let g(j) = 13*j**3 - 15*j**2 + 16*j - 19. Let y(s) = 5*c(s) + 8*g(s). What is the units digit of y(2)?
1
Let o(w) = w**2 - 4. Suppose 0 = 4*r - r + 3. Let s = 2 - r. What is the units digit of o(s)?
5
Suppose 173 = 4*z + 2*q - 175, -4*q + 80 = z. Let p = z + 24. What is the tens digit of p?
1
Let t(q) = q**2 - 5*q + 5. Suppose -4*d - 5 + 1 = -4*s, 4*s + 2*d - 10 = 0. Suppose o - s = 3. What is the units digit of t(o)?
5
Let a be -98*3/(-6) + -2. Let t = a + -69. Let h = -13 - t. What is the units digit of h?
9
Let u(s) = 257*s**3 + s**2 - 2*s + 1. Let a be u(1). Let z = a - 166. What is the units digit of z?
1
Let d(z) = z + 13. Let k be d(-4). Let v = -9 - k. Let x = v + 70. What is the units digit of x?
2
Let a = 80 +